f 4 and f.
2
Let y be (7*-1)/(5/(-20)). Let a = y - 13. Calculate the highest common divisor of 45 and a.
15
Let p be ((-855)/(-6))/(2/(-4)). Let a = p - -506. Suppose -a = -4*s - 3*v, 2*s - 43 - 68 = -v. What is the greatest common factor of s and 8?
8
Let v(d) = 0 - 5 - 1 - 4*d + 0*d**2 + 2*d**2. Suppose 0 = 2*x + 2 - 12. Let w be v(x). Calculate the greatest common divisor of 168 and w.
24
Suppose -2*p + l + 3*l = -16, -3*l = -p + 13. Let q be (-4)/p*(-2 + 4). Suppose a - 8 - 8 = 0. What is the greatest common factor of q and a?
4
Let g(b) = -b**3 - 4*b**2 + 5*b - 6. Let x be g(-6). Suppose 174 = 2*r - 2*v, 5*v - 93 = -r + 4*v. What is the greatest common divisor of r and x?
18
Let m = 2 + 0. Suppose 0 = -m*s - 3*s + 10. Let a be 1*27*2/s. Calculate the greatest common divisor of a and 3.
3
Let o(c) = 10*c**2 + 4*c - 4. Let h be o(-4). Let d = 31 + -51. Let q = d - -34. Calculate the highest common factor of h and q.
14
Let x be (24/36)/(4/210). Let l be 10/(-8)*(6 + -10). Calculate the greatest common factor of l and x.
5
Let y = 26 + -8. What is the highest common divisor of 45 and y?
9
Suppose 4*d - 12 - 52 = 0. What is the greatest common divisor of d and 12?
4
Suppose -r + 2*r + 9 = 3*h, h - 4*r = 3. Let i = 12 - h. Calculate the greatest common factor of 1 and i.
1
Let h be 0 + -8 + -3 + 3. Let l = h - -15. Calculate the highest common divisor of l and 49.
7
Suppose 0 = -s + 3*s - 8. Suppose -s*b + 42 - 18 = 0. What is the greatest common divisor of 6 and b?
6
Suppose 2*p - 5*k + 0*k = 320, -2*p = k - 332. Calculate the highest common factor of 15 and p.
15
Let s = 1 + 1. Suppose s*p - 720 = -3*p - 3*m, p + 3*m - 144 = 0. Calculate the highest common divisor of 16 and p.
16
Let w = 1 - 6. Let t(r) = r**3 + 5*r**2 + r + 5. Let i be t(w). Suppose 3*o + 65 - 449 = i. Calculate the greatest common factor of 16 and o.
16
Let i be (-240)/(-2)*12/16. Let h(r) = -r**3 + r**2 + 15. Let a be h(0). What is the greatest common divisor of a and i?
15
Suppose -r + 4 + 10 = 3*i, 2*r = i - 7. Let l = 3 + r. Suppose -d + 4 = l*t, -3 - 7 = -4*t - 3*d. What is the greatest common divisor of 3 and t?
1
Let a = 399 + -202. Suppose -h + 4*m + a = -0*m, h - 5*m = 202. Let p = h + -126. Calculate the highest common divisor of p and 17.
17
Let a = -1 + -4. Let x be a/2*88/(-20). Calculate the greatest common factor of 66 and x.
11
Suppose 0*q + 5*q = -4*w - 18, -9 = -q - 5*w. Let r = -5 - q. Let y be -2 - (r - -1 - 24). Calculate the greatest common divisor of 5 and y.
5
Let c be (40/25)/((-4)/(-10)). Let k be c/(-18) + (-281)/(-9). Suppose o = 4*n + 3 - 38, 3*n = -4*o + k. What is the greatest common factor of 81 and n?
9
Let o be 4586/8 + (-1)/4. Suppose -5*x - 3*u = -o, 3*u - 113 = -x + 2*u. What is the greatest common factor of 13 and x?
13
Let t(y) = -y**3 - 14*y**2 - 12*y + 3. Let j be t(-13). Let k = j + 13. Calculate the highest common divisor of k and 3.
3
Suppose 0*j - 4*j + 5*a = 11, 3*a = j + 1. Let t = 3 - j. Suppose q + 3*o = 65, 564 = 5*q - 3*o + 167. What is the greatest common factor of q and t?
7
Suppose -4*i = -3*t - 25, 4*i - 13 = -3*t + 2*t. Suppose -3*x = -i*x + 11. Calculate the highest common divisor of x and 121.
11
Let k(x) = -x**3 + 3*x**2 + 2*x. Let z be k(-5). Suppose 20 + z = -2*q. Let f be 12/(-10)*q/6. What is the greatest common divisor of 7 and f?
7
Suppose 5*o + 70 = 420. Suppose -3*i = -4*i + o. What is the greatest common divisor of i and 7?
7
Let v(p) = p**2 + 5*p. Let i be v(-6). What is the greatest common factor of i and 24?
6
Let w = 4 + -3. Suppose 3*b - 216 = -0*b. Let y be b/10 + (-8)/40. Calculate the highest common divisor of y and w.
1
Let i be 19 - -1 - (-3 - -6). Suppose -3*v + 1 + 5 = 0. Suppose v*h = 45 - 11. Calculate the greatest common factor of i and h.
17
Let x be (3 - -25)/(4/16). Calculate the greatest common divisor of x and 16.
16
Let x(i) = 3*i**2 + 5*i - 2. Let k be x(4). Calculate the highest common divisor of 6 and k.
6
Suppose 7*l - 3*l = 64. Let a = -11 + l. Calculate the greatest common divisor of 10 and a.
5
Let r be 3 - (-3)/6*4. Let j = r - -15. Let b be (25 - 1)*j/15. Calculate the highest common factor of b and 4.
4
Let n(t) = 26*t - 2. Let u be n(6). Let s(h) = 5*h - 1. Let f be s(1). Let w be ((-21)/f)/((-15)/40). What is the highest common factor of u and w?
14
Let d(f) = f + 15. Let g be d(-7). Calculate the greatest common factor of g and 8.
8
Suppose 5*j - v + 956 = v, 5*j + 4*v = -968. Let a = j - -324. Suppose -h = -2*t + 2*h + 21, 0 = -5*h + 5. Calculate the highest common factor of t and a.
12
Suppose 5 = -2*a + v, -3*a + 4*v - 5*v = 5. Let l = 4 + a. Suppose 0 = -2*y + l*j + 20, -8 = -4*y + 3*y + 3*j. Calculate the highest common divisor of 66 and y.
11
Suppose 2*w + 2*a = 3*a, -2*a + 5 = w. Let u = 6 + w. What is the greatest common divisor of 14 and u?
7
Let c(b) = 6*b + 2*b**2 - 3*b**2 + 1 + 0*b**2. Let k be c(6). Suppose i = 2*m - k, -m = m + 3*i - 21. What is the greatest common factor of m and 21?
3
Suppose 0 = 3*y + s - 10, -y - 3*s - 9 = -5*y. Calculate the greatest common divisor of 27 and y.
3
Suppose g = v + 5 - 19, 4*g - 34 = -5*v. What is the greatest common factor of 110 and v?
10
Let j(g) = -g**3 - 4*g**2 - 13*g - 13. Let y be j(-4). Calculate the greatest common factor of 156 and y.
39
Let m be 1*24/9*231. Suppose 580 = -2*u + 7*u + 5*f, -5*u + 4*f + m = 0. What is the highest common factor of u and 15?
15
Let d(j) = -11*j + 24. Let r be d(0). Let w(t) = t**3 + 6*t**2 - t - 3. Let h be w(-6). Calculate the highest common divisor of h and r.
3
Suppose t - 2 = 4*x + 7, -4*x = -12. Calculate the greatest common factor of t and 84.
21
Suppose -3*k - 4*q + 3 = -85, 2*k + 5*q - 68 = 0. Calculate the highest common divisor of k and 60.
12
Suppose 3*v = -5*b - 25, -3*v - 13 = b - 2*b. Let l be (36/8)/(b/(-4)). Suppose -l*k + 15 = -4*k. Calculate the highest common factor of 12 and k.
3
Let u be (-2)/(-7) - 26/(-7). Suppose -223 = -u*l + 777. Suppose 3*z + 103 - l = 0. Calculate the greatest common factor of 7 and z.
7
Let y(k) = k**3 - k**2 - k - 110. Let s be y(0). Let p be ((-3)/(-2))/((-3)/s). What is the greatest common factor of p and 22?
11
Let v = -3 - -9. Let x = -5 + v. Let u be -2 - x*(-21)/3. What is the greatest common factor of u and 10?
5
Let x(u) = -u**3 + 7*u**2 - 2*u - 7. Let p be x(7). Let w = 55 + p. What is the greatest common factor of w and 51?
17
Suppose 0 = -5*r + 2*r - 4*m + 30, -3*r - 2*m + 24 = 0. Let u = r + -1. Suppose 0 = -t + u*t - 120. What is the greatest common divisor of t and 12?
6
Suppose -3*u = -120 - 96. Calculate the greatest common divisor of u and 8.
8
Let c(y) be the first derivative of y**4/4 + 8*y**3/3 + 6*y - 1. Let a be c(-8). Let l be (a + -1)*(-18)/(-5). Calculate the highest common divisor of l and 45.
9
Let f(g) = 2*g + 6 - 2*g + 6*g - 3*g. Let n be f(3). Let b(r) = -2*r + 1. Let l be b(-1). What is the greatest common factor of l and n?
3
Suppose h - 76 = -4*d + 26, -5*d = -5*h - 140. Let c = d + -12. Let y be 622/4 + (-18)/12. Calculate the highest common factor of c and y.
14
Let q(t) = -t**3 - 4*t**2 - 5*t. Let g be q(-5). Calculate the greatest common divisor of 10 and g.
10
Suppose -9*k = -0*k - 216. Let x be (14/(-6))/(5/(-15)). Suppose -l - x = 5*f + 5, 3*f + 3 = -2*l. Calculate the greatest common divisor of k and l.
3
Suppose -1 = -2*c + 11. Let x(t) = -17*t**3 + t**2. Let y be x(-1). Calculate the highest common factor of y and c.
6
Let u = 71 + -57. Calculate the greatest common divisor of u and 70.
14
Let p be (14/(-4) - (-18)/(-24))*-8. Calculate the highest common divisor of 68 and p.
34
Suppose z - 5*v = -1043, 2*z + 3*v - v + 2026 = 0. Let a be (-2)/(-6) + z/(-6). What is the highest common factor of a and 68?
34
Suppose 0 = -5*b + 13 + 2. Let k be (-4)/14 + (-340)/(-14). Suppose 2*s - 7*s - 13 = b*j, -4*s - k = -j. What is the highest common divisor of j and 28?
4
Let f(s) = -s**3 + 5*s**2 + 7*s + 2. Let q be f(6). Let k = 38 + -14. What is the greatest common divisor of q and k?
8
Suppose -3*m + 6*m = 18. Suppose -m = -u - 3. Suppose v + 14 = u*v. What is the greatest common factor of v and 28?
7
Suppose n - 20 = h + 3, -h = -5*n + 123. Calculate the greatest common factor of n and 175.
25
Suppo